{"id":263,"date":"2020-03-08T21:24:53","date_gmt":"2020-03-08T20:24:53","guid":{"rendered":"http:\/\/liceum.dukla.pl\/?page_id=263"},"modified":"2021-03-26T14:34:18","modified_gmt":"2021-03-26T13:34:18","slug":"deklaracja-dostepnosci","status":"publish","type":"page","link":"https:\/\/liceum.dukla.pl\/index.php\/deklaracja-dostepnosci\/","title":{"rendered":"Deklaracja dost\u0119pno\u015bci"},"content":{"rendered":"<h2>\u00a0<\/h2>\r\n\r\n<p class=\"has-large-font-size\">Deklaracja dost\u0119pno\u015bci cyfrowej dla strony internetowej<\/p>\r\n\r\n\r\n\r\n<p>Wst\u0119p deklaracji<\/p>\r\n\r\n\r\n\r\n<p>Liceum Og\u00f3lnokszta\u0142c\u0105ce w Dukli zobowi\u0105zuje si\u0119 zapewni\u0107 dost\u0119pno\u015b\u0107 swojej strony internetowej zgodnie z przepisami ustawy z dnia 4 kwietnia 2019 r. o dost\u0119pno\u015bci cyfrowej stron internetowych i aplikacji mobilnych podmiot\u00f3w publicznych. O\u015bwiadczenie w sprawie dost\u0119pno\u015bci ma zastosowanie do strony internetowej\u00a0<a href=\"http:\/\/liceum.dukla.pl\/\">http:\/\/liceum.dukla.pl\/<\/a><\/p>\r\n\r\n\r\n\r\n<p><strong>Dane teleadresowe jednostki:<\/strong><\/p>\r\n\r\n\r\n\r\n<p>Liceum Og\u00f3lnokszta\u0142c\u0105ce w Dukli<\/p>\r\n\r\n\r\n\r\n<p>38-450 Dukla, ul. Armii Krajowej 1<\/p>\r\n\r\n\r\n\r\n<p>tel\/fax.: 13\u00a0433-00-08<\/p>\r\n\r\n\r\n\r\n<p>e-mail: liceum@dukla.pl<\/p>\r\n\r\n\r\n\r\n<p>Data publikacji strony internetowej:\u00a02019-10-29<\/p>\r\n\r\n\r\n\r\n<p>Data ostatniej istotnej aktualizacji:\u00a02020-01-19<\/p>\r\n\r\n\r\n\r\n<p>Strona internetowa jest cz\u0119\u015bciowo zgodna z ustaw\u0105 z dnia 4 kwietnia 2019 r. o dost\u0119pno\u015bci cyfrowej stron internetowych i aplikacji mobilnych podmiot\u00f3w publicznych z powodu niezgodno\u015bci lub wy\u0142\u0105cze\u0144 wymienionych poni\u017cej:<\/p>\r\n\r\n\r\n\r\n<div class=\"wp-block-group\">\r\n<div class=\"wp-block-group__inner-container is-layout-flow wp-block-group-is-layout-flow\">\r\n<ul class=\"wp-block-list\">\r\n<li>zamieszczone informacje s\u0105 w postaci artyku\u0142\u00f3w lub za\u0142\u0105cznik\u00f3w, kt\u00f3re nie s\u0105 dost\u0119pne cyfrowo w ca\u0142o\u015bci bo zosta\u0142y opublikowane przed 2018-09-23 lub nie s\u0105 wykorzystywane do realizacji bie\u017c\u0105cych zada\u0144,<\/li>\r\n<li>zamieszczone informacje w postaci za\u0142\u0105cznik\u00f3w s\u0105 w postaci skan\u00f3w\u00a0 z uwagi na charakter informacji jaki jest niezb\u0119dny do opublikowania informacji,<\/li>\r\n<li>filmy nie posiadaj\u0105 napis\u00f3w dla os\u00f3b g\u0142uchych,<\/li>\r\n<li>zdj\u0119cia z wydarze\u0144 nie posiadaj\u0105 pe\u0142nych opis\u00f3w alternatywnych.<\/li>\r\n<\/ul>\r\n<\/div>\r\n<\/div>\r\n\r\n\r\n\r\n<h3><strong>U\u0142atwienia na stronie internetowej<\/strong><\/h3>\r\n\r\n\r\n\r\n<p>Strony podmiotowe w ramach BIP posiadaj\u0105 nast\u0119puj\u0105ce u\u0142atwienia:<\/p>\r\n\r\n\r\n\r\n<ul class=\"wp-block-list\">\r\n<li>podwy\u017cszony kontrast (bia\u0142e t\u0142o, czarne litery)<\/li>\r\n<li>mo\u017cliwo\u015b\u0107 powi\u0119kszenia wielko\u015bci liter na stronie<\/li>\r\n<li>skala szaro\u015bci, pod\u015bwietlane linki<\/li>\r\n<\/ul>\r\n\r\n\r\n\r\n<p><strong>Data sporz\u0105dzenia deklaracji<\/strong><\/p>\r\n\r\n\r\n\r\n<p>Deklaracj\u0119 sporz\u0105dzono dnia\u00a02020-03-05<\/p>\r\n\r\n\r\n\r\n<p>Deklaracj\u0119 sporz\u0105dzono na podstawie samooceny przeprowadzonej przez pracownika Liceum Og\u00f3lnokszta\u0142c\u0105ce w Dukli.<\/p>\r\n\r\n\r\n\r\n<p><strong>Informacje zwrotne i dane kontaktowe<\/strong><\/p>\r\n\r\n\r\n\r\n<p>Osoba do kontaktu w sprawie dost\u0119pno\u015bci: Jaros\u0142aw Drobiniak<br \/>e-mail:\u00a0<a href=\"mailto:mariola.wronska@interia.pl\">drobiniak@gmail.com<\/a>\u00a0<br \/>Telefon:\u00a013 4330008<\/p>\r\n\r\n\r\n\r\n<p><strong>Procedura wnioskowo-skargowa<\/strong><\/p>\r\n\r\n\r\n\r\n<p>Uprzejmie informujemy, \u017ce zgodnie z ustaw\u0105 z dnia 4 kwietnia 2019 r. o dost\u0119pno\u015bci cyfrowej stron internetowych i aplikacji mobilnych podmiot\u00f3w publicznych ka\u017cdy ma prawo wyst\u0105pi\u0107 do podmiotu publicznego z \u017c\u0105daniem udost\u0119pnienia cyfrowego wskazanej strony internetowej, aplikacji mobilnej lub ich element\u00f3w, ewentualnie zapewnienia dost\u0119pu alternatywnego, na warunkach okre\u015blonych w ustawie. W przypadku odmowy wnosz\u0105cy \u017c\u0105danie mo\u017cne z\u0142o\u017cy\u0107 skarg\u0119 z zastosowaniem przepis\u00f3w ustawy z dnia 14 czerwca 1960 r. Kodeks post\u0119powania administracyjnego, a tak\u017ce powiadomi\u0107 Rzecznika Praw Obywatelskich:\u00a0<a href=\"http:\/\/www.rpo.gov.pl\/\">www.rpo.gov.pl<\/a><\/p>\r\n\r\n\r\n\r\n<h3><strong>Dost\u0119pno\u015b\u0107 architektoniczna<\/strong><\/h3>\r\n\r\n\r\n\r\n<ol class=\"wp-block-list\">\r\n<li>Do budynku szko\u0142y prowadzi g\u0142\u00f3wne wej\u015bcie znajduj\u0105ce si\u0119 przy ulicy Armii Krajowej, prowadz\u0105 do niego schody. Do wej\u015bcia na poziom \u201e0\u201d mo\u017cna przej\u015b\u0107 bezpo\u015brednio z ulicy, nie ma tutaj ogranicze\u0144 w postaci schod\u00f3w. Wej\u015bcie jest og\u00f3lnodost\u0119pne w godzinach pracy szko\u0142y.<\/li>\r\n<li>Osobami oddelegowanymi do udzielania informacji przy wej\u015bciu g\u0142\u00f3wnym s\u0105 pracownicy obs\u0142ugi.<\/li>\r\n<li>W budynku na ka\u017cdym poziomie (parter i 2 pi\u0119tra) znajduje si\u0119 korytarz. Na jego kra\u0144cach \u00a0znajduj\u0105 si\u0119 klatki schodowe. Budynek posiada wind\u0119.<\/li>\r\n<li>W budynku nie ma innych dostosowa\u0144 dla os\u00f3b niepe\u0142nosprawnych.<\/li>\r\n<li>Na terenie szko\u0142y znajduje si\u0119 parking dla samochod\u00f3w osobowych, kt\u00f3rym wyznaczono stanowisko dla pojazdu osoby niepe\u0142nosprawnej.<\/li>\r\n<li>Do szko\u0142y nie mo\u017ce wej\u015b\u0107 osoba z psem asystuj\u0105cym.<\/li>\r\n<li>W szkole nie ma mo\u017cliwo\u015bci skorzystania z t\u0142umacza j\u0119zyka migowego.<\/li>\r\n<\/ol>\r\n","protected":false},"excerpt":{"rendered":"<p>\u00a0 Deklaracja dost\u0119pno\u015bci cyfrowej dla strony internetowej Wst\u0119p deklaracji Liceum Og\u00f3lnokszta\u0142c\u0105ce w Dukli zobowi\u0105zuje si\u0119 zapewni\u0107 dost\u0119pno\u015b\u0107 swojej strony internetowej<\/p>\n","protected":false},"author":1,"featured_media":0,"parent":0,"menu_order":0,"comment_status":"closed","ping_status":"closed","template":"","meta":{"footnotes":""},"class_list":["post-263","page","type-page","status-publish","hentry"],"_links":{"self":[{"href":"https:\/\/liceum.dukla.pl\/index.php\/wp-json\/wp\/v2\/pages\/263","targetHints":{"allow":["GET"]}}],"collection":[{"href":"https:\/\/liceum.dukla.pl\/index.php\/wp-json\/wp\/v2\/pages"}],"about":[{"href":"https:\/\/liceum.dukla.pl\/index.php\/wp-json\/wp\/v2\/types\/page"}],"author":[{"embeddable":true,"href":"https:\/\/liceum.dukla.pl\/index.php\/wp-json\/wp\/v2\/users\/1"}],"replies":[{"embeddable":true,"href":"https:\/\/liceum.dukla.pl\/index.php\/wp-json\/wp\/v2\/comments?post=263"}],"version-history":[{"count":5,"href":"https:\/\/liceum.dukla.pl\/index.php\/wp-json\/wp\/v2\/pages\/263\/revisions"}],"predecessor-version":[{"id":694,"href":"https:\/\/liceum.dukla.pl\/index.php\/wp-json\/wp\/v2\/pages\/263\/revisions\/694"}],"wp:attachment":[{"href":"https:\/\/liceum.dukla.pl\/index.php\/wp-json\/wp\/v2\/media?parent=263"}],"curies":[{"name":"wp","href":"https:\/\/api.w.org\/{rel}","templated":true}]}}

Deklaracja dostępności

<h2> </h2>

<p class="has-large-font-size">Deklaracja dostępności cyfrowej dla strony internetowej</p>



<p>Wstęp deklaracji</p>



<p>Liceum Ogólnokształcące w Dukli zobowiązuje się zapewnić dostępność swojej strony internetowej zgodnie z przepisami ustawy z dnia 4 kwietnia 2019 r. o dostępności cyfrowej stron internetowych i aplikacji mobilnych podmiotów publicznych. Oświadczenie w sprawie dostępności ma zastosowanie do strony internetowej <a href="http://liceum.dukla.pl/">http://liceum.dukla.pl/</a></p>



<p><strong>Dane teleadresowe jednostki:</strong></p>



<p>Liceum Ogólnokształcące w Dukli</p>



<p>38-450 Dukla, ul. Armii Krajowej 1</p>



<p>tel/fax.: 13 433-00-08</p>



<p>e-mail: liceum@dukla.pl</p>



<p>Data publikacji strony internetowej: 2019-10-29</p>



<p>Data ostatniej istotnej aktualizacji: 2020-01-19</p>



<p>Strona internetowa jest częściowo zgodna z ustawą z dnia 4 kwietnia 2019 r. o dostępności cyfrowej stron internetowych i aplikacji mobilnych podmiotów publicznych z powodu niezgodności lub wyłączeń wymienionych poniżej:</p>



<div class="wp-block-group">
<div class="wp-block-group__inner-container is-layout-flow wp-block-group-is-layout-flow">
<ul class="wp-block-list">
<li>zamieszczone informacje są w postaci artykułów lub załączników, które nie są dostępne cyfrowo w całości bo zostały opublikowane przed 2018-09-23 lub nie są wykorzystywane do realizacji bieżących zadań,</li>
<li>zamieszczone informacje w postaci załączników są w postaci skanów  z uwagi na charakter informacji jaki jest niezbędny do opublikowania informacji,</li>
<li>filmy nie posiadają napisów dla osób głuchych,</li>
<li>zdjęcia z wydarzeń nie posiadają pełnych opisów alternatywnych.</li>
</ul>
</div>
</div>



<h3><strong>Ułatwienia na stronie internetowej</strong></h3>



<p>Strony podmiotowe w ramach BIP posiadają następujące ułatwienia:</p>



<ul class="wp-block-list">
<li>podwyższony kontrast (białe tło, czarne litery)</li>
<li>możliwość powiększenia wielkości liter na stronie</li>
<li>skala szarości, podświetlane linki</li>
</ul>



<p><strong>Data sporządzenia deklaracji</strong></p>



<p>Deklarację sporządzono dnia 2020-03-05</p>



<p>Deklarację sporządzono na podstawie samooceny przeprowadzonej przez pracownika Liceum Ogólnokształcące w Dukli.</p>



<p><strong>Informacje zwrotne i dane kontaktowe</strong></p>



<p>Osoba do kontaktu w sprawie dostępności: Jarosław Drobiniak<br />e-mail: <a href="mailto:mariola.wronska@interia.pl">drobiniak@gmail.com</a> <br />Telefon: 13 4330008</p>



<p><strong>Procedura wnioskowo-skargowa</strong></p>



<p>Uprzejmie informujemy, że zgodnie z ustawą z dnia 4 kwietnia 2019 r. o dostępności cyfrowej stron internetowych i aplikacji mobilnych podmiotów publicznych każdy ma prawo wystąpić do podmiotu publicznego z żądaniem udostępnienia cyfrowego wskazanej strony internetowej, aplikacji mobilnej lub ich elementów, ewentualnie zapewnienia dostępu alternatywnego, na warunkach określonych w ustawie. W przypadku odmowy wnoszący żądanie możne złożyć skargę z zastosowaniem przepisów ustawy z dnia 14 czerwca 1960 r. Kodeks postępowania administracyjnego, a także powiadomić Rzecznika Praw Obywatelskich: <a href="http://www.rpo.gov.pl/">www.rpo.gov.pl</a></p>



<h3><strong>Dostępność architektoniczna</strong></h3>



<ol class="wp-block-list">
<li>Do budynku szkoły prowadzi główne wejście znajdujące się przy ulicy Armii Krajowej, prowadzą do niego schody. Do wejścia na poziom „0” można przejść bezpośrednio z ulicy, nie ma tutaj ograniczeń w postaci schodów. Wejście jest ogólnodostępne w godzinach pracy szkoły.</li>
<li>Osobami oddelegowanymi do udzielania informacji przy wejściu głównym są pracownicy obsługi.</li>
<li>W budynku na każdym poziomie (parter i 2 piętra) znajduje się korytarz. Na jego krańcach  znajdują się klatki schodowe. Budynek posiada windę.</li>
<li>W budynku nie ma innych dostosowań dla osób niepełnosprawnych.</li>
<li>Na terenie szkoły znajduje się parking dla samochodów osobowych, którym wyznaczono stanowisko dla pojazdu osoby niepełnosprawnej.</li>
<li>Do szkoły nie może wejść osoba z psem asystującym.</li>
<li>W szkole nie ma możliwości skorzystania z tłumacza języka migowego.</li>
</ol>

<p>  Deklaracja dostępności cyfrowej dla strony internetowej Wstęp deklaracji Liceum Ogólnokształcące w Dukli zobowiązuje się zapewnić dostępność swojej strony internetowej</p>
